{"id":331,"date":"2019-03-02T00:23:18","date_gmt":"2019-03-01T23:23:18","guid":{"rendered":"http:\/\/setsis.eupi.uca.fr\/?page_id=331"},"modified":"2022-10-19T00:11:57","modified_gmt":"2022-10-18T22:11:57","slug":"syllabus","status":"publish","type":"page","link":"http:\/\/setsis.eupi.uca.fr\/?page_id=331","title":{"rendered":"Syllabus"},"content":{"rendered":"\n<p class=\"has-cyan-bluish-gray-color has-text-color\">Le syllabus de la formation du Master SETSIS d\u00e9taille le fonctionnement des deux ann\u00e9es de master ainsi que chaque unit\u00e9 d&rsquo;enseignemenet (UE)<\/p>\n\n\n\n<p><a href=\"http:\/\/setsis.eupi.uca.fr\/wp-content\/uploads\/2022\/10\/M1_SETSIS_final.pdf\">T\u00e9l\u00e9charger le Syllabus de la 1ere ann\u00e9e de Master SETSIS<\/a><\/p>\n\n\n\n<p><a href=\"http:\/\/setsis.eupi.uca.fr\/wp-content\/uploads\/2022\/10\/M2_SETSIS_final.pdf\">T\u00e9l\u00e9charger le Syllabus de la 2nde ann\u00e9e de Master SETSIS<\/a><\/p>\n\n\n\n<p><br><\/p>\n","protected":false},"excerpt":{"rendered":"<p>Le syllabus de la formation du Master SETSIS d\u00e9taille le fonctionnement des deux ann\u00e9es de master ainsi que chaque unit\u00e9 d&rsquo;enseignemenet (UE) T\u00e9l\u00e9charger le Syllabus de la 1ere ann\u00e9e de Master SETSIS T\u00e9l\u00e9charger le Syllabus de la 2nde ann\u00e9e de Master SETSIS<\/p>\n","protected":false},"author":1,"featured_media":0,"parent":0,"menu_order":0,"comment_status":"closed","ping_status":"closed","template":"","meta":{"footnotes":""},"class_list":["post-331","page","type-page","status-publish","hentry"],"_links":{"self":[{"href":"http:\/\/setsis.eupi.uca.fr\/index.php?rest_route=\/wp\/v2\/pages\/331"}],"collection":[{"href":"http:\/\/setsis.eupi.uca.fr\/index.php?rest_route=\/wp\/v2\/pages"}],"about":[{"href":"http:\/\/setsis.eupi.uca.fr\/index.php?rest_route=\/wp\/v2\/types\/page"}],"author":[{"embeddable":true,"href":"http:\/\/setsis.eupi.uca.fr\/index.php?rest_route=\/wp\/v2\/users\/1"}],"replies":[{"embeddable":true,"href":"http:\/\/setsis.eupi.uca.fr\/index.php?rest_route=%2Fwp%2Fv2%2Fcomments&post=331"}],"version-history":[{"count":10,"href":"http:\/\/setsis.eupi.uca.fr\/index.php?rest_route=\/wp\/v2\/pages\/331\/revisions"}],"predecessor-version":[{"id":571,"href":"http:\/\/setsis.eupi.uca.fr\/index.php?rest_route=\/wp\/v2\/pages\/331\/revisions\/571"}],"wp:attachment":[{"href":"http:\/\/setsis.eupi.uca.fr\/index.php?rest_route=%2Fwp%2Fv2%2Fmedia&parent=331"}],"curies":[{"name":"wp","href":"https:\/\/api.w.org\/{rel}","templated":true}]}}